 divide 12971?
False
Does 51 divide 816?
True
Is 208 a multiple of 13?
True
Is 4 a factor of 20064?
True
Is 13 a factor of 1053?
True
Is 117 a multiple of 5?
False
Is 7464 a multiple of 12?
True
Is 182 a factor of 273?
False
Is 12 a factor of 93?
False
Is 900 a multiple of 90?
True
Is 49 a factor of 44443?
True
Is 82 a multiple of 2?
True
Does 105 divide 14280?
True
Is 3477 a multiple of 19?
True
Is 2478 a multiple of 59?
True
Is 8 a factor of 395?
False
Is 11 a factor of 22?
True
Is 49 a multiple of 2?
False
Is 3109 a multiple of 34?
False
Is 73708 a multiple of 14?
False
Is 32 a factor of 10819?
False
Does 22 divide 449?
False
Does 11 divide 2871?
True
Is 6 a factor of 9594?
True
Is 168 a multiple of 4?
True
Does 32 divide 4096?
True
Does 44 divide 1144?
True
Is 9984 a multiple of 128?
True
Is 36 a factor of 1404?
True
Does 74 divide 5329?
False
Does 2 divide 69?
False
Is 19 a factor of 50331?
True
Is 22 a factor of 5552?
False
Does 36 divide 171?
False
Is 827 a multiple of 24?
False
Is 35 a factor of 947?
False
Does 22 divide 4070?
True
Is 568 a multiple of 45?
False
Is 876 a multiple of 12?
True
Is 29309 a multiple of 7?
True
Does 92 divide 22356?
True
Is 19 a factor of 174?
False
Is 4048 a multiple of 40?
False
Does 80 divide 1120?
True
Does 272 divide 62560?
True
Is 2511 a multiple of 4?
False
Does 11 divide 2332?
True
Does 3 divide 2961?
True
Is 10 a factor of 2940?
True
Is 50456 a multiple of 14?
True
Is 206 a multiple of 8?
False
Does 19 divide 42565?
False
Does 16 divide 96?
True
Is 3382 a multiple of 24?
False
Is 1541 a multiple of 18?
False
Is 11 a factor of 5598?
False
Does 12 divide 22737?
False
Is 5928 a multiple of 114?
True
Does 110 divide 12452?
False
Does 271 divide 1656?
False
Is 161 a factor of 19025?
False
Does 16 divide 4800?
True
Is 1666 a multiple of 13?
False
Is 21 a factor of 41?
False
Does 99 divide 14157?
True
Is 32 a factor of 73362?
False
Is 286 a multiple of 11?
True
Is 14 a factor of 420?
True
Does 3 divide 75?
True
Is 17465 a multiple of 13?
False
Is 188 a factor of 9024?
True
Does 57 divide 9291?
True
Is 1747 a multiple of 76?
False
Is 6 a factor of 366?
True
Does 6 divide 90?
True
Is 20 a factor of 21348?
False
Is 3574 a multiple of 8?
False
Is 744 a multiple of 38?
False
Is 35 a factor of 35?
True
Is 9 a factor of 711?
True
Is 11443 a multiple of 45?
False
Is 640 a multiple of 14?
False
Is 22 a factor of 2750?
True
Is 882 a multiple of 21?
True
Is 111 a factor of 1063?
False
Is 765 a multiple of 9?
True
Is 7 a factor of 207?
False
Is 439 a multiple of 5?
False
Is 11072 a multiple of 9?
False
Is 67 a factor of 13692?
False
Does 80 divide 13870?
False
Does 65 divide 45760?
True
Is 7752 even?
True
Does 22 divide 1452?
True
Is 5 a factor of 212?
False
Is 548 a multiple of 9?
False
Is 13 a factor of 2626?
True
Does 20 divide 3458?
False
Is 7128 a multiple of 27?
True
Does 19 divide 95?
True
Is 29 a factor of 693?
False
Does 32 divide 96?
True
Is 398 a multiple of 22?
False
Is 70775 a multiple of 149?
True
Does 168 divide 9576?
True
Is 33 a factor of 2317?
False
Does 14 divide 7047?
False
Does 31 divide 1302?
True
Is 12 a factor of 12072?
True
Is 25 a factor of 85022?
False
Is 14 a factor of 7098?
True
Is 17725 a multiple of 14?
False
Is 37450 a multiple of 14?
True
Is 48 a factor of 4896?
True
Is 74 a factor of 70879?
False
Is 5863 a multiple of 10?
False
Is 154 a multiple of 61?
False
Is 12 a factor of 34392?
True
Is 10 a factor of 34915?
False
Is 1394 a multiple of 2?
True
Is 2438 a multiple of 12?
False
Is 19035 a multiple of 45?
True
Is 1112 a multiple of 3?
False
Does 16 divide 309?
False
Is 4061 a multiple of 131?
True
Is 2333 a multiple of 21?
False
Does 11 divide 19481?
True
Is 28922 a multiple of 39?
False
Is 21 a factor of 1338?
False
Is 25 a factor of 8150?
True
Does 12 divide 74904?
True
Is 65120 a multiple of 148?
True
Is 2 a factor of 6194?
True
Is 1462 a multiple of 43?
True
Is 941 a multiple of 12?
False
Is 12 a factor of 288?
True
Does 51 divide 867?
True
Does 56 divide 5128?
False
Does 36 divide 11680?
False
Is 11 a factor of 9493?
True
Does 11 divide 3221?
False
Is 16456 a multiple of 22?
True
Is 997 a multiple of 68?
False
Is 7 a factor of 3115?
True
Is 74 a factor of 933?
False
Is 3310 a multiple of 131?
False
Is 874 a multiple of 38?
True
Is 8 a factor of 920?
True
Is 1407 a multiple of 33?
False
Does 28 divide 692?
False
Does 37 divide 13931?
False
Does 51 divide 1185?
False
Is 1380 a multiple of 13?
False
Is 13350 a multiple of 75?
True
Is 1095 a multiple of 12?
False
Does 46 divide 94392?
True
Is 7 a factor of 215?
False
Is 80 a factor of 7040?
True
Is 724 a multiple of 12?
False
Does 10 divide 2024?
False
Is 5665 a multiple of 167?
False
Does 13 divide 1604?
False
Is 14 a factor of 706?
False
Does 27 divide 405?
True
Is 17 a factor of 1173?
True
Is 1978 a multiple of 43?
True
Is 6532 a multiple of 71?
True
Is 46 a factor of 2563?
False
Does 43 divide 7751?
False
Does 166 divide 17876?
False
Is 27636 a multiple of 47?
True
Does 33 divide 20724?
True
Is 66 a factor of 2262?
False
Is 3559 a multiple of 7?
False
Is 1816 a multiple of 5?
False
Is 200 a multiple of 38?
False
Does 33 divide 22365?
False
Is 35 a factor of 67023?
False
Is 986 a multiple of 26?
False
Is 969 a multiple of 19?
True
Does 8 divide 46176?
True
Is 175 a multiple of 6?
False
Is 132 a factor of 8844?
True
Is 6 a factor of 2311?
False
Is 16 a factor of 17408?
True
Does 56 divide 2688?
True
Is 5148 a multiple of 22?
True
Does 21 divide 430?
False
Is 35 a factor of 1155?
True
Is 78 a factor of 37814?
False
Does 99 divide 2500?
False
Is 2521 a multiple of 19?
False
Does 5 divide 2552?
False
Does 41 divide 1599?
True
Is 5434 a multiple of 13?
True
Does 32 divide 59200?
True
Does 64 divide 3550?
False
Is 14 a factor of 2660?
True
Is 5052 a multiple of 15?
False
Is 16855 a multiple of 12?
False
Is 1794 a multiple of 69?
True
Is 6 a factor of 142?
False
Is 180 a factor of 7020?
True
Is 17 a factor of 1362?
False
Is 106 a factor of 12190?
True
Does 4 divide 560?
True
Is 102 a factor of 6222?
True
Is 13721 a multiple of 7?
False
Is 24 a factor of 3240?
True
Is 11 a factor of 678?
False
Is 60 a multiple of 5?
True
Is 5973 a multiple of 9?
False
Does 16 divide 3344?
True
Is 4545 a multiple of 4?
False
Is 18 a factor of 1117?
False
Is 959 a multiple of 8?
False
Is 2360 a multiple of 4?
True
Is 4 a factor of 212?
True
Is 157 a factor of 2736?
False
Is 108 a factor of 9223?
False
Does 45 divide 2115?
True
Is 2304 a multiple of 72?
True
Is 339 a multiple of 5?
False
Is 11781 a multiple of 63?
True
Is 2 a factor of 274?
True
Does 47 divide 367?
False
Does 12 divide 21648?
True
Is 15 a factor of 225?
True
Is 111889 a multiple of 102?
False
Is 39 a factor of 12597?
True
Does 7 divide 175?
True
Is 4514 a multiple of 24?
False
Is 4653 a multiple of 99?
True
Is 34 a factor of 14368?
False
Does 32 divide 1088?
True
Is 3036 a multiple of 12?
True
Does 174 divide 9048?
True
Is 18 a factor of 131390?
False
Is 70 a multiple of 13?
False
Is 16 a factor of 2115?
False
Is 4 a factor of 202?
False
Is 46 a factor of 384?
False
Is 4179 a multiple of 21?
True
Is 1053 a multiple of 70?
False
Does 11 divide 176044?
True
Does 11 divide 9581?
True
Is 1146 a multiple of 3?
True
Is 3948 a multiple of 12?
True
Is 2196 a multiple of 12?
True
Is 55 a factor of 130?
False
Does 26 divide 4627?
False
Is 42675 a multiple of 75?
True
Is 803 a multiple of 6?
False
Does 37 divide 740?
True
Is 2096 a multiple of 10?
False
Is 192 a multiple of 48?
True
Does 21 divide 9871?
False
Is 15805 a multiple of 35?
False
Is 21 a factor of 186?
False
Does 14 divide 4413?
False
Is 31 a factor of 1643?
True
Is 48461 a multiple of 23?
True
Is 116 a factor of 3324?
False
Does 4 divide 1302?
False
Does 6 divide 7786?
False
Is 14 a factor of 27038?
False
Does 52 divide 362?
False
Is 21 a factor of 5691?
True
Is 55 a factor of 1045?
True
Is 184 a factor of 18768?
True
Does 68 divide 4113?
False
Does 16 divide 1392?
True
Is 48 a factor of 664?
False
Is 71 a factor of 2130?
True
Is 17532 a multiple of 9?
True
Does 74 divide 5065?
False
Is 10802 a multiple of 35?
False
Is 15 a factor of 135?
True
Is 6 a factor of 765?
False
Does 10 divide 132?
False
Does 3 divide 129?
True
Is 3 a factor 